pose 44 = a + 37. Let i(p) = 2*p**2 + 7*p - 4. Let n(u) = 3*u**2 + 8*u - 3. Let k(q) = -4*i(q) + 3*n(q). Calculate the remainder when k(5) is divided by a.
5
Let a = 19 + -13. Let k = -28024 + 28033. What is the remainder when k is divided by a?
3
Suppose 0 = 16*u - 27858 + 27714. Calculate the remainder when 933 is divided by u.
6
Let u = -12984 - -13051. What is the remainder when 659 is divided by u?
56
Let u = 1387 + -566. What is the remainder when u is divided by 33?
29
Let i(p) = 3*p**3 - 4*p**2 - p + 16. Calculate the remainder when 21271 is divided by i(2).
19
Let a(d) = -4*d - 249. What is the remainder when 253 is divided by a(-82)?
16
Suppose -2*o + 153 = 3*q, -4*o = -q - 2*q - 333. What is the remainder when o is divided by 66?
15
Suppose 0 = -b + 3*t - 1, -b - 2*b - 3*t + 21 = 0. Suppose 2*m - m - b*i = 5, -3*i - 9 = 0. What is the remainder when m*-12*4/5 is divided by 25?
21
Suppose 0 = -2*b, 4*f = 2*b + 7289 - 3697. Suppose -3*m + 0*m = -4*w - 64, 2*m + 3*w - 37 = 0. What is the remainder when f is divided by m?
18
Let l(s) = s**3 - 6*s**2 + 7*s + 2. Let b be l(4). Let m = b + 0. Let a(z) = 4*z**2 - 8*z - 7. Calculate the remainder when 47 is divided by a(m).
22
Let x = -2061 + 2080. Calculate the remainder when (1980/(-27))/11*-6*1 is divided by x.
2
Suppose 2*r - 5 - 25 = 0. Suppose -17*b + 101 = 16. Suppose -79 = -3*w + b*a, 4*a = w + 9*a - 33. Calculate the remainder when w is divided by r.
13
Suppose 165 = -60*q + 63*q - 3*s, -4*q - 3*s + 199 = 0. Calculate the remainder when q is divided by 0 + -5 + (-21)/(-1).
4
Suppose 0 = 5*u - 3*d - 3 - 88, 4*u + 2*d = 64. Suppose 3*t + 5*t = 160. Suppose 3*w = 422 - t. What is the remainder when w is divided by u?
15
What is the remainder when 444 is divided by 690/5*(-4 + 25/6)?
7
Let f be 1*(5300 - 2)*12/72. Let w = 902 - f. What is the remainder when 141 is divided by w?
8
Suppose l = -4, -8*b = -3*b + 4*l + 21. Let o(t) = -60*t - 22. What is the remainder when 721 is divided by o(b)?
37
Suppose -4*v + 5*t + 322 - 272 = 0, -4*v - 3*t + 162 = 0. Let u(f) = f**3 - f**2 + 9. Calculate the remainder when v is divided by u(0).
3
Let r = -1431 - -2576. Calculate the remainder when r is divided by 31.
29
Suppose 3*y + 1727 = 4*r, y + 103 + 464 = -3*r. Let x = -510 - y. Calculate the remainder when x is divided by 12.
3
Suppose -5*q - 6*p + 4*p = -30, -3*q + 4*p = -44. Suppose 0 = -q*b + 59*b - 6426. What is the remainder when b is divided by 64?
62
Let c(v) = -v**3 + 18*v**2 + 4*v - 19. Suppose 0 = -4*f + g + 70 + 4, -84 = -5*f - 3*g. What is the remainder when c(f) is divided by 27?
26
Let l(d) = -3*d - 2. Suppose -3*x + 36 = -7*c + 12*c, 5*x = -15. Suppose 11*i = -c*i + 1860. Calculate the remainder when i is divided by l(-6).
13
Let t(j) = -j - 23. Let q be t(17). Suppose 37 = 8*u + 5. Calculate the remainder when q/(-15)*90/8 is divided by u.
2
Suppose -3*h - 4*k = -158 + 22, 4*k = 16. Suppose -h*u = -32*u - 616. Calculate the remainder when u is divided by 42.
35
Let g(t) = -65*t - 62*t + 218*t - 90*t + 9*t**2. Let p be (-12)/(-7) + 2/7. What is the remainder when 112 is divided by g(p)?
36
Let j(p) = 27 + 6*p - 3*p**2 - 2*p**2 + 6*p**2 + 0*p**2. Calculate the remainder when j(0) is divided by 13.
1
Let x = 7411 - 5228. What is the remainder when x is divided by 104?
103
Let o = -896 + 954. What is the remainder when (-10*23 + 4)*(-1)/2 is divided by o?
55
Let s(p) = 4*p - 73. Let i be s(17). Calculate the remainder when i/((-30)/9)*(29 - 3) is divided by 14.
11
Suppose -2*f + 646 = -4*d, 5*d + 5*f + 815 = -0*d. What is the remainder when (-1 - d) + 0/(2 - -3) is divided by 41?
38
Suppose -h - 2*r = -43 + 3, -3*h + 5*r = -153. What is the remainder when 187 + -10 - 6 - (-10 + 0) is divided by h?
43
Let w(o) = -5*o**2 - 148*o + 85. What is the remainder when 4174 is divided by w(-30)?
24
Suppose -4*f - 4*s + 126 + 54 = 0, 0 = -f - 5*s + 21. What is the remainder when 228 is divided by f?
24
Let c(m) = -m**2 - 120*m - 1547. What is the remainder when c(-86) is divided by 13?
12
Calculate the remainder when 624 is divided by (-4)/(-5) + (-556)/(-30) + 59/(-177).
16
Let n = 22431 - 22417. What is the remainder when 1100 is divided by n?
8
Let r(c) = -c**2 + 99*c + 1735. Calculate the remainder when 2215 is divided by r(-15).
15
Let i(x) be the first derivative of x**4/4 - 5*x**3 + 13*x**2/2 + 13*x - 14. Let w be i(14). What is the remainder when (-5 + w)*(-80)/96 is divided by 3?
2
Suppose -2*o = 2*o - 832. What is the remainder when o is divided by 13 - 9/(-9)*-3?
8
What is the remainder when 263 is divided by (-21 - -244)*(-3)/(-3)?
40
Let d(i) = -41*i + 109. Let w be d(-9). Let j = -431 + w. What is the remainder when j is divided by 12?
11
Let l = -192579 - -192878. Let k = 33 + -21. Calculate the remainder when l is divided by k.
11
Suppose 21*l = 19*l - 4. What is the remainder when (-8)/(l/1) + 28 is divided by 20?
12
Let i(j) be the first derivative of -2*j**3/3 + 17*j**2/2 + 39*j + 104. What is the remainder when 41 is divided by i(10)?
5
Let q = 412 - 374. Let j = 14 + -11. Let r(h) = 18*h**2 - 2*h - 7. Calculate the remainder when r(j) is divided by q.
35
Let g = 23573 + -23489. Calculate the remainder when g is divided by 61.
23
Let g(v) = 2*v**3 + 20*v**2 + 12*v - 8. What is the remainder when 1556 is divided by g(-9)?
38
Let j(v) = 74*v - 1414. What is the remainder when 547 is divided by j(21)?
127
Let f be (-1495)/(-75) - 3/(-45). What is the remainder when 67 is divided by f/50*(2 - 5)*-10?
7
What is the remainder when 12/(-14) - 43872/(-224) is divided by 76?
43
Let o be 2/(-6) - (-13)/3. Suppose -4 = -5*j + o*j. Suppose 10 = -5*z, -p + j*z = -7 - 7. What is the remainder when 23 is divided by p?
5
Suppose -7*r + 135 = 2*r. Let d = 12 - 12. Suppose -4*s - 2*l + 136 + 344 = d, -3*l = -s + 113. Calculate the remainder when s is divided by r.
14
Calculate the remainder when 860 is divided by (195 + -193)*(85 - (-2 - -5)).
40
Let w = 26393 - 26296. Calculate the remainder when w is divided by 2.
1
Suppose 0 = -5*u - 35, -3*b + 1486 + 8616 = 5*u. Calculate the remainder when b is divided by 20.
19
Suppose 1653 = 24*j - 691 + 184. Let b(z) = -z**3 - 5*z**2 - 2*z - 1. Calculate the remainder when j is divided by b(-6).
43
Let s(p) = -14*p - 3. Let l = 4 + -1. Let j be s(l). Let g = j - -85. Calculate the remainder when 78 is divided by g.
38
Let y(t) = -9*t - 24. Let n be y(-3). Suppose i + 0*i = n*z + 21, 5*i - 9 = -z. Let j(d) = -2*d - 6. What is the remainder when 16 is divided by j(z)?
4
Suppose 0 = -4*v + 19 + 1. Suppose 0 = -v*n - 5*l + 1235, -5*l = -3*n - 2*n + 1245. Calculate the remainder when n is divided by 42.
38
Calculate the remainder when (144/45)/4*(-10)/(-4) + 3627 is divided by 121.
120
What is the remainder when (1953/6)/7*(-3 + 9) is divided by 77?
48
Let m be (0 + 5 - (9 + -8)) + 1. Suppose 0 = -2*l - 3*u + 29, m*l + 4*u + 26 = 95. Calculate the remainder when 50 is divided by l.
11
Let x(q) = -q**3 + 11*q**2 - 2*q - 123. What is the remainder when 1478 is divided by x(6)?
38
Let x = -3901 - -5513. What is the remainder when x is divided by 33?
28
Calculate the remainder when 50 is divided by (-4)/(-22) - (1140/220 - 9).
2
Let j(h) = 2*h - 13. Let g = -175 + 183. Calculate the remainder when 12 is divided by j(g).
0
Suppose c - 6209 - 3493 = -j, 4*j - 19408 = -2*c. Let g(z) = -10*z**3 + z**2 + z. What is the remainder when c/140 - 4/14 is divided by g(-1)?
9
Let z(i) = -8*i - 8 - 2 + 10 - 2*i**2. Let n be z(7). Let k = n + 270. Calculate the remainder when k is divided by 20.
16
Let a = 9 + 88. What is the remainder when a is divided by -14*3/6 - -13 - 10 - -26?
9
Let y = -15813 - -15993. Calculate the remainder when 4501 is divided by y.
1
Suppose 2*q = 7*c - 221, -13*c - 5*q + 190 = -8*c. Calculate the remainder when 536 is divided by c.
8
Suppose -1250 = -20*y + 3010. What is the remainder when y is divided by 72?
69
Let y(m) = m**3 - 3*m**2 - 8*m + 8. Let p be y(6). What is the remainder when 87 is divided by (-2 - p/20)*-5?
6
Suppose 0 = 2*y + 8 - 0. Let r be -1 + 68/2 - (y - -5). Suppose -33*o = -29*o - r. Calculate the remainder when 76 is divided by o.
4
Suppose 0 = -5*u + 8*z + 235, -7*u + 11*u - 5*z = 195. What is the remainder when 824 is